
3, 109, 1237, 5647
List the prime factors of 236663665.
5, 7, 6761819
What are the prime factors of 275409858?
2, 3, 1091, 42073
List the prime factors of 395416961.
19, 20811419
List the prime factors of 28569490.
2, 5, 569, 5021
What are the prime factors of 2790499127?
13, 23, 223, 41851
List the prime factors of 1515864609.
3, 7, 521, 46183
What are the prime factors of 78426229?
7, 151, 74197
What are the prime factors of 7573544683?
31, 244307893
List the prime factors of 97881526.
2, 3557, 13759
What are the prime factors of 44911153?
7, 2351, 2729
What are the prime factors of 204143181?
3, 11, 6186157
What are the prime factors of 406507828?
2, 7723, 13159
List the prime factors of 142987477.
61, 313, 7489
What are the prime factors of 8836293?
3, 593, 4967
What are the prime factors of 19348552?
2, 197, 12277
List the prime factors of 811505218.
2, 109, 433, 8597
What are the prime factors of 621950945?
5, 7, 11, 37, 43661
List the prime factors of 297313180.
2, 5, 23, 43, 15031
What are the prime factors of 166884480?
2, 3, 5, 7, 4139
List the prime factors of 61438987.
467, 131561
What are the prime factors of 1479156519?
3, 17, 23, 647, 1949
What are the prime factors of 125939929?
61, 2064589
List the prime factors of 607240130.
2, 5, 7, 8674859
List the prime factors of 106027025.
5, 13, 41, 73, 109
List the prime factors of 350394106.
2, 17, 10305709
What are the prime factors of 1921520133?
3, 13, 16423249
List the prime factors of 2617772777.
389, 6729493
What are the prime factors of 434331418?
2, 47, 4620547
List the prime factors of 6528780588.
2, 3, 11, 49460459
What are the prime factors of 27577202?
2, 29, 475469
List the prime factors of 714344427.
3, 2939689
What are the prime factors of 883037246?
2, 7, 13, 647, 7499
List the prime factors of 3182755704.
2, 3, 431, 307691
What are the prime factors of 58122304?
2, 71, 12791
What are the prime factors of 844091644?
2, 11, 19, 4831
List the prime factors of 101560477.
5153, 19709
What are the prime factors of 104075492?
2, 71, 366463
What are the prime factors of 2469583045?
5, 19, 4831, 5381
What are the prime factors of 55314290?
2, 5, 73, 75773
List the prime factors of 360537422.
2, 7, 25752673
What are the prime factors of 245447174?
2, 7, 2504563
What are the prime factors of 944529492?
2, 3, 78710791
What are the prime factors of 415447365?
3, 5, 179, 359, 431
What are the prime factors of 221244481?
221244481
List the prime factors of 28206083.
28206083
What are the prime factors of 86586042?
2, 3, 2551, 5657
What are the prime factors of 126830825?
5, 11, 59, 7817
What are the prime factors of 706578492?
2, 3, 23, 37, 69191
List the prime factors of 232679953.
11, 107, 197689
List the prime factors of 65440796.
2, 23, 53, 13421
What are the prime factors of 1167439220?
2, 5, 58371961
List the prime factors of 50443382.
2, 11, 2292881
List the prime factors of 243644709.
3, 7, 11, 89, 1693
List the prime factors of 2185748893.
2185748893
What are the prime factors of 910365610?
2, 5, 7, 11, 168899
List the prime factors of 780848287.
29, 26925803
What are the prime factors of 23165863?
7, 43, 76963
What are the prime factors of 626786388?
2, 3, 17410733
What are the prime factors of 643967890?
2, 5, 59, 1091471
List the prime factors of 3118855205.
5, 127, 131, 37493
List the prime factors of 3729481532.
2, 7, 2718281
What are the prime factors of 1622737797?
3, 540912599
List the prime factors of 875730621.
3, 291910207
List the prime factors of 5199833994.
2, 3, 866638999
What are the prime factors of 4325865334?
2, 7, 4397, 10039
List the prime factors of 1550871904.
2, 41, 547, 2161
What are the prime factors of 35854870?
2, 5, 17, 210911
What are the prime factors of 1373137335?
3, 5, 97, 127, 2477
What are the prime factors of 49255505?
5, 13, 19, 39883
List the prime factors of 110488941.
3, 23, 53, 373
List the prime factors of 1823297277.
3, 17, 35750927
List the prime factors of 402039112.
2, 41, 1225729
List the prime factors of 188761685.
5, 7, 5393191
What are the prime factors of 37507164?
2, 3, 127, 24611
List the prime factors of 151841962.
2, 127, 597803
List the prime factors of 83127922.
2, 41563961
List the prime factors of 56458090.
2, 5, 13, 434293
What are the prime factors of 37262260?
2, 5, 7, 266159
What are the prime factors of 364621789?
7, 7441261
What are the prime factors of 599861863?
19, 1019, 30983
List the prime factors of 45586118.
2, 71, 251, 1279
List the prime factors of 393487375.
5, 3147899
List the prime factors of 999433403.
999433403
What are the prime factors of 106483773?
3, 11, 3226781
List the prime factors of 4465294.
2, 109, 20483
What are the prime factors of 3813902816?
2, 4159, 28657
What are the prime factors of 1995614846?
2, 997807423
List the prime factors of 64622723.
11, 5874793
List the prime factors of 41328066.
2, 3, 13, 529847
What are the prime factors of 4522655?
5, 904531
List the prime factors of 4156566613.
433, 9599461
What are the prime factors of 4206815626?
2, 13, 161800601
What are the prime factors of 9378607?
7, 1033, 1297
List the prime factors of 1276685362.
2, 638342681
What are the prime factors of 305921983?
19, 16101157
What are the prime factors of 3608643694?
2, 107, 16862821
What are the prime factors of 580485901?
16661, 34841
List the prime factors of 33581638.
2, 739, 22721
What are the prime factors of 165756970?
2, 5, 17, 53, 18397
List the prime factors of 1626128289.
3, 180680921
What are the prime factors of 31423546?
2, 7, 11, 107, 1907
List the prime factors of 253250400.
2, 3, 5, 13, 8117
List the prime factors of 491821432.
2, 5303, 11593
List the prime factors of 436295140.
2, 5, 17, 29, 44249
List the prime factors of 54971947.
1213, 45319
List the prime factors of 1463663316.
2, 3, 37, 101, 127, 257
What are the prime factors of 97754821?
127, 769723
What are the prime factors of 512676165?
3, 5, 181, 188831
List the prime factors of 185131031.
41, 1619, 2789
List the prime factors of 74599538.
2, 13, 2869213
List the prime factors of 685874801.
685874801
List the prime factors of 320012900.
2, 5, 3200129
List the prime factors of 1531384374.
2, 3, 13, 71, 89, 239
What are the prime factors of 573649132?
2, 7, 20487469
What are the prime factors of 1305376729?
73, 151, 118423
What are the prime factors of 4842468490?
2, 5, 53, 433, 21101
List the prime factors of 133574107.
37, 3610111
What are the prime factors of 63615693?
3, 21205231
What are the prime factors of 442349326?
2, 239, 839, 1103
List the prime factors of 44289327.
3, 97, 152197
List the prime factors of 278565701.
347, 802783
What are the prime factors of 162176302?
2, 81088151
List the prime factors of 279323741.
89, 3138469
What are the prime factors of 122046516?
2, 3, 593, 5717
List the prime factors of 351413799.
3, 11, 31, 269, 1277
List the prime factors of 2694323442.
2, 3, 449053907
What are the prime factors of 26782182?
2, 3, 7, 212557
What are the prime factors of 7873343?
43, 283, 647
What are the prime factors of 8479282?
2, 7, 19, 127, 251
What are the prime factors of 4434085020?
2, 3, 5, 89, 830353
What are the prime factors of 5507862041?
11, 179, 254299
List the prime factors of 154828771.
5233, 29587
What are the prime factors of 52314759?
3, 7, 61, 13613
What are the prime factors of 2021985419?
2021985419
What are the prime factors of 3700041766?
2, 31, 1901, 31393
List the prime factors of 1067343904.
2, 11, 275657
List the prime factors of 247250373.
3, 179, 271, 1699
What are the prime factors of 200995365?
3, 5, 13399691
What are the prime factors of 14045740?
2, 5, 17, 109, 379
What are the prime factors of 2321555489?
11, 19, 91801
List the prime factors of 60980404.
2, 73, 208837
List the prime factors of 98782427.
17, 5810731
List the prime factors of 5941402698.
2, 3, 7, 11, 12860179
List the prime factors of 45808547.
4447, 10301
What are the prime factors of 7689339278?
2, 1229, 3128291
List the prime factors of 11426330.
2, 5, 1142633
What are the prime factors of 18914557?
17, 19, 31, 1889
What are the prime factors of 1426668165?
3, 5, 13, 523, 4663
List the prime factors of 4300575191.
11, 390961381
List the prime factors of 2879567935.
5, 575913587
What a